alse
Let n(q) = -q**2 + 2*q + 47. Let v be n(-5). Is (-1 + 8/v)*-18129 a composite number?
False
Suppose 6*p + 425 = 31*p. Suppose 4*s = -1 + p, 3*q + 3*s - 15945 = 0. Is q a prime number?
False
Let z(w) be the first derivative of 8 - 17*w + 1/3*w**3 + 4*w**2. Is z(-18) a composite number?
False
Suppose 31825 = 3*p - 110*f + 112*f, -4*p = f - 42420. Is p prime?
False
Let h be (-5 - -4)*(-2 - -1). Let g(r) = 1 - 312*r - 4 + 381*r + 823*r. Is g(h) prime?
False
Let o(u) = -8*u + 50. Let i be o(15). Is 2/(-5) - 10458/i composite?
False
Let c = -7373 + 25194. Is c a composite number?
True
Let w(y) = -17026*y - 1. Is w(-12) prime?
True
Suppose -3*f + 8*f + 2 = 2*q, f + q = 1. Let m be 4 - 2 - -6 - f. Is 6545/44 + 2/m a prime number?
True
Suppose 2*w - 12438 = -4*h, -9*w + 31095 = -4*w + 4*h. Suppose -w + 18074 = 5*x. Is x a composite number?
False
Let q(k) = 3*k**2 - 28*k + 7. Let g be q(9). Let c be ((-4)/2)/((-2)/(-5816)*g). Is c/5 + 1 - (-28)/70 prime?
False
Is (1 + 15904)*395/25 composite?
True
Suppose -2*l + 3*v + 37 = 0, 0 = -l - 4*v - 3 + 5. Let m(d) = 32*d - 11 - l*d + 46*d + 52*d. Is m(6) composite?
True
Let z be (-11 - -27)/((-4)/(-14966)). Suppose -11*c + 3*c + z = 0. Is c composite?
True
Let k = -11645 + 245614. Is k a prime number?
True
Let i = 125220 + 60073. Is i composite?
True
Let c(r) = -r**2 + 9*r - 9. Let q be c(7). Let i be (q/((-25)/(-6)))/((-8)/(-20)). Suppose -i*t = 5*x - 866, -4*x = -3*t - 0*x + 857. Is t composite?
True
Suppose 73*q - 675210 = 71*q + f, 2*q - 3*f = 675202. Is q a composite number?
False
Let v(x) = x**3 - 6*x**2 + 4*x - 8. Let k be v(6). Let p be 7 + (-9 - k/(-4)). Suppose -4223 = -p*i + 5*w, -2*i + 3*w + 5928 = 1699. Is i prime?
False
Suppose -3*t = -3*x - 29047 + 10189, 4*t - x - 25153 = 0. Is t composite?
True
Let x(u) = 907*u**2 + 9*u - 29. Let t be 320/52 + -2 + (-6)/39. Is x(t) a composite number?
False
Suppose 0 = -2*a + 59 + 145. Is (a/8)/((-21)/(-56)) a composite number?
True
Let b(n) = 2*n**3 - 32*n**2 + 31*n - 16. Let f be b(15). Is (4 - 4 - -1261) + f + 2 prime?
False
Let y(g) be the second derivative of -22*g**3 + 157*g**2/2 + 5*g + 6. Is y(-21) prime?
False
Suppose -2*j - 95923 = -4*t + 3*j, 0 = t + 4*j - 23965. Let u = -36811 + t. Is 3/5 + u/(-10) - 1 composite?
False
Let m(c) = 69802*c + 593. Is m(5) prime?
True
Let c be 8/64 + (-186003)/24. Let p = c + 13101. Is p a prime number?
True
Let l(a) = -80*a - 17. Let v be ((-2)/4 - (-126)/36)*-6. Is l(v) prime?
True
Suppose 437104 = 1336*u - 1332*u - 3*v, -5*u + 4*v = -546379. Is u a composite number?
False
Suppose -2*r = -3*r - 9. Let y(q) = -2*q**3 - 2*q - 5. Let x be y(r). Suppose -l - x = -2*l. Is l a composite number?
False
Suppose 0 = 26*z - 116*z - 126*z + 6260328. Is z a composite number?
True
Is 25824 - (-5 + 9 + 1) composite?
False
Let i = 7 - -38. Let y(l) = -i*l - 13 - 130*l - 57*l. Is y(-3) a prime number?
True
Let v(f) = 53*f**3 + 27*f**2 + 27*f - 34. Is v(21) a prime number?
False
Let f(b) = 4*b**2 - 2*b - 12. Let v(n) = n**3 - 3*n**2 + 2*n + 11. Let p(w) = 6*f(w) + 7*v(w). Let y = -21 - -27. Is p(y) a prime number?
True
Let k = -285 + 303. Let d(f) = 10*f**2 + 60*f - 39. Is d(k) a composite number?
True
Is (207292/10)/(6/15) composite?
True
Let q be (-40 + 2 + -3)/(4/(-1516)). Suppose 4*a + q = 3*s, -3*s + 15504 = -6*a + 9*a. Is s a composite number?
True
Suppose 3*b + b + 6 = 3*x, 2*b + 4 = 2*x. Suppose -90 = -2*g - b*g - 4*s, s = -3. Is g a composite number?
True
Let h(j) = 13*j + 38. Let r(b) = -b**2 + 20*b - 40. Let a(p) = -3*p - 40. Let o be a(-19). Let d be r(o). Is h(d) composite?
False
Suppose 0 = 660*y - 635*y - 786725. Is y prime?
True
Let w = 1394 - -612. Suppose -4*y = -i - 3263 - w, -2*i + 6 = 0. Is y prime?
False
Let u(s) = -303*s**2 + 13*s - 310*s**2 + 38 + 763*s**2. Is u(-9) prime?
True
Let z(f) = 11 - 2*f**2 + 3*f**2 + 2*f + 5*f. Let d be z(-5). Is 1638 + 2/(-5 + 3/d) a composite number?
False
Let a be 24/324 + (-374)/(-54). Is -44097*(a + (-44)/6) a composite number?
False
Let q = 6628 + -3537. Is q a composite number?
True
Suppose 18*x + 999134 = 7*y + 21*x, 3*x + 428196 = 3*y. Is y a composite number?
False
Suppose -3*i + 4*i - 41 = 3*j, -4*i = -j - 186. Suppose -i*u - 13990 = -57*u. Is u composite?
False
Suppose a = -2*s - s - 1100, -5*a = -3*s - 1070. Let u = -351 - s. Is u a prime number?
False
Let q(u) = 22*u**2 + 19 + u - 2*u - 3*u + 8*u. Is q(-10) composite?
False
Suppose -3 = -w + i, i - 4 + 3 = 0. Suppose -h - 5*n = -n - 3025, -h + w*n = -3049. Is h a composite number?
False
Suppose -54785 - 68336 = -3*g - 2*o, 2*g - 5*o = 82068. Is g a composite number?
False
Let p = -546 + 543. Is p*((-2)/(-6))/(5/(-230)) composite?
True
Let t(r) = 6 - 3*r**3 + 3*r**3 - 4*r**3 + 3*r**3 - 8*r**2. Let j be t(-8). Is (1172/j)/(14/63) composite?
True
Let k(l) = 8*l + 30. Suppose -4*u + s + 261 = 0, -u + 5*s = -0*s - 51. Suppose -a - u = -7*a. Is k(a) composite?
True
Let c = 130 - 140. Let h be (-42964)/(-10) - (-4)/c. Suppose -4*v + h = -1228. Is v composite?
False
Let y = -91961 - -130980. Is y a prime number?
True
Let g(j) = -444*j - 80. Let l be g(-10). Let p = l + -2999. Is p prime?
True
Let w(s) = -4*s + 42. Let k be w(9). Suppose z + 4 = k. Suppose t - 2*o - 342 = 69, -z*t = 5*o - 858. Is t prime?
True
Let v be 290/90 + (-2)/9. Suppose 5*a = -5*f + 5, -2*a - f = -v*a + 11. Is 6*753/a + -2 prime?
True
Let o be 1 - (0 - -2) - 146/(-73). Let i be (o/3)/((-15)/10035). Let f = 148 - i. Is f a composite number?
True
Let j = 28261 - 8462. Is j composite?
True
Let p(m) be the third derivative of -43*m**4/6 - 13*m**3/6 - 3*m**2 - 36*m. Is p(-23) composite?
False
Suppose 7*a = -2*a + 3305398 + 1042151. Is a prime?
True
Let h(q) = -q**2 + 3*q + 1. Let z be h(2). Suppose -4*u + 5727 = -u - z*d, -5*u = d - 9551. Suppose 14*l = 4*l + u. Is l a composite number?
False
Suppose -5*w = -4*g - 10286, 16*g + 4 = 15*g. Let v be 14878/(-14) + 2/(-7). Let t = w + v. Is t prime?
True
Let h(y) = -y - 17. Let x be h(-11). Let o be x + 7 + 3/((-6)/(-4)). Suppose o*v + 2*v - 3*z = 436, 4*v = -z + 359. Is v a composite number?
False
Is (18 + (-241101)/(-36))/(2/8) a prime number?
True
Let x = 574386 - 347785. Is x a composite number?
False
Let n(k) be the third derivative of -31/12*k**4 + 5/2*k**3 + 0 + 0*k + 4*k**2. Is n(-20) a prime number?
False
Suppose -3*a - 2 - 22 = 4*f, -8 = a - f. Let r(c) = -3*c**3 - 7*c**2 - 9*c + 3. Is r(a) a prime number?
True
Let d(u) = -13*u - u**2 - u**3 + 30 - 15*u**2 + 0*u**3. Let m be d(-15). Suppose -3*f + m*f = -2361. Is f a composite number?
False
Let w = 1885 - 2910. Let b be 2 + 2 + -5 + w + 1. Is (b/1)/(-5) + -2 a composite number?
True
Let t(k) = k**2 - 4*k + 9. Let c be t(2). Suppose 0 = -2*x - 5*h + 10, 0*x = x + 2*h - c. Suppose x*a - 9785 = -0*a. Is a a prime number?
False
Suppose 3*s = -3*o - 2*s - 25600, -1 = -s. Let y = -2788 - o. Is y prime?
False
Suppose 10*q + 36 - 96 = 0. Suppose 16*r + q*r = 61094. Is r composite?
False
Suppose -81 = -2*f + 6*f - s, 0 = 3*f - s + 62. Let h = f + 19. Is 77*(-1)/((h - -3)/(-3)) composite?
True
Suppose x - 5*j + 20 = 0, -j + 3 = -1. Let a(y) = -y**3 - 2*y**2 + 2705. Is a(x) a prime number?
False
Suppose 17*r - 29*r - 44160 = 0. Is ((-331)/(-2))/(-8*10/r) prime?
False
Let b(r) = -47*r**3 + 2*r**2 - 3*r - 6. Let w be b(-2). Let o = w - 235. Is o composite?
False
Let q be -2 - 6/25*5*5. Is -3 + 4/q + 1089/6 composite?
True
Suppose 2*g = 5*x - 15682, -2*g - 5*x - 8049 = 7653. Let i = g - -13203. Is i a prime number?
False
Suppose -26 = -4*b - 3*l + 147, -5*b + 4*l = -255. Suppose 42*t - b*t = -135. Suppose -t*m + 32*m - 19235 = 0. Is m a prime number?
True
Let y(o) = 72*o - 25. Let c = -484 + 486. Is y(c) prime?
False
Suppose -3*v + 9 = -5*g - 5*v, -g - 4*v - 9 = 0. Is (-127765)/(-55) + (-7 - g) composite?
True
Let k = -12 - -1592. Suppose -k = -d + 3*w + 315, -2*d + 3*w + 3796 = 0. Is d prime?
True
Let b = -28 + 31. Let p(i) = -i**2 - 72*i**b + 2*i**2 - 178*i**3 - 5 - 5*i. Is p(-1) composite?
False
Let h(l) = l**2 + 11*l + 8. Let u be h(-8). Let c be 13 + u/4 + 8. Suppose -c*d - 1497 = -20*d. Is d a prime number?
True
Let g be 1891 + 1 - (35 + -36). Suppose -168 = -5*q - t + g, t - 409 = -q. Is q a prime number?
False
Let f(n) = 16131*n - 1021. Is f(10) a comp